{"id":727,"date":"2026-04-03T18:46:12","date_gmt":"2026-04-03T16:46:12","guid":{"rendered":"https:\/\/komisskarbek.pl\/?post_type=product&#038;p=727"},"modified":"2026-04-03T18:46:12","modified_gmt":"2026-04-03T16:46:12","slug":"sukienka-ze-zdobieniem-reserved","status":"publish","type":"product","link":"https:\/\/komisskarbek.pl\/?product=sukienka-ze-zdobieniem-reserved","title":{"rendered":"Sukienka ze zdobieniem RESERVED"},"content":{"rendered":"<p data-start=\"58\" data-end=\"355\">Stylowa sukienka marki RESERVED \u0142\u0105czy nowoczesny design z komfortem noszenia. Ponadczasowy kr\u00f3j i uniwersalny kolor sprawiaj\u0105, \u017ce doskonale sprawdzi si\u0119 na co dzie\u0144, do pracy czy na specjalne okazje. Elegancka, wygodna i \u0142atwa do stylizacji. Posiada zamek z ty\u0142u.<\/p>\n","protected":false},"excerpt":{"rendered":"<ul>\n<li>Rozmiar: L<\/li>\n<li>Marka: RESERVED<\/li>\n<li>Kolor: Czarny ze z\u0142otym zdobieniem<\/li>\n<\/ul>\n","protected":false},"featured_media":680,"comment_status":"open","ping_status":"closed","template":"","meta":{"_acf_changed":false},"product_brand":[],"product_cat":[94,97],"product_tag":[],"class_list":{"0":"post-727","1":"product","2":"type-product","3":"status-publish","4":"has-post-thumbnail","6":"product_cat-kobieta-dziewczynka","7":"product_cat-sukienki","8":"pa_kolor-czarny","10":"first","11":"instock","12":"shipping-taxable","13":"purchasable","14":"product-type-simple"},"acf":[],"_links":{"self":[{"href":"https:\/\/komisskarbek.pl\/index.php?rest_route=\/wp\/v2\/product\/727","targetHints":{"allow":["GET"]}}],"collection":[{"href":"https:\/\/komisskarbek.pl\/index.php?rest_route=\/wp\/v2\/product"}],"about":[{"href":"https:\/\/komisskarbek.pl\/index.php?rest_route=\/wp\/v2\/types\/product"}],"replies":[{"embeddable":true,"href":"https:\/\/komisskarbek.pl\/index.php?rest_route=%2Fwp%2Fv2%2Fcomments&post=727"}],"wp:featuredmedia":[{"embeddable":true,"href":"https:\/\/komisskarbek.pl\/index.php?rest_route=\/wp\/v2\/media\/680"}],"wp:attachment":[{"href":"https:\/\/komisskarbek.pl\/index.php?rest_route=%2Fwp%2Fv2%2Fmedia&parent=727"}],"wp:term":[{"taxonomy":"product_brand","embeddable":true,"href":"https:\/\/komisskarbek.pl\/index.php?rest_route=%2Fwp%2Fv2%2Fproduct_brand&post=727"},{"taxonomy":"product_cat","embeddable":true,"href":"https:\/\/komisskarbek.pl\/index.php?rest_route=%2Fwp%2Fv2%2Fproduct_cat&post=727"},{"taxonomy":"product_tag","embeddable":true,"href":"https:\/\/komisskarbek.pl\/index.php?rest_route=%2Fwp%2Fv2%2Fproduct_tag&post=727"}],"curies":[{"name":"wp","href":"https:\/\/api.w.org\/{rel}","templated":true}]}}