{"id":720,"date":"2026-04-03T17:25:46","date_gmt":"2026-04-03T15:25:46","guid":{"rendered":"https:\/\/komisskarbek.pl\/?post_type=product&#038;p=720"},"modified":"2026-04-03T17:25:46","modified_gmt":"2026-04-03T15:25:46","slug":"buty-dziewczece-new-balance","status":"publish","type":"product","link":"https:\/\/komisskarbek.pl\/?product=buty-dziewczece-new-balance","title":{"rendered":"Buty dziewcz\u0119ce NEW BALANCE"},"content":{"rendered":"<p>Mi\u0119kka wk\u0142adka i amortyzowana podeszwa zapewniaj\u0105 komfort podczas biegania, skakania i codziennych aktywno\u015bci. Stylowy design i charakterystyczne logo New Balance dodaj\u0105 sportowego charakteru ka\u017cdej stylizacji. Dodatkowa rzepa zapobiega cz\u0119stemu rozwi\u0105zywaniu si\u0119 but\u00f3w. Posiadaj\u0105 oryginalne pude\u0142ko.<\/p>\n","protected":false},"excerpt":{"rendered":"<ul>\n<li>Rozmiar: 32<\/li>\n<li>Marka: NEW BALANCE<\/li>\n<li>Kolor: Jasnoszary z dodatkiem r\u00f3\u017cu i fioletu<\/li>\n<\/ul>\n","protected":false},"featured_media":662,"comment_status":"open","ping_status":"closed","template":"","meta":{"_acf_changed":false},"product_brand":[],"product_cat":[94,126],"product_tag":[],"class_list":{"0":"post-720","1":"product","2":"type-product","3":"status-publish","4":"has-post-thumbnail","6":"product_cat-kobieta-dziewczynka","7":"product_cat-obuwie","8":"pa_kolor-fioletowy","9":"pa_kolor-jasnoszary","10":"pa_kolor-rozowy","12":"first","13":"instock","14":"shipping-taxable","15":"purchasable","16":"product-type-simple"},"acf":[],"_links":{"self":[{"href":"https:\/\/komisskarbek.pl\/index.php?rest_route=\/wp\/v2\/product\/720","targetHints":{"allow":["GET"]}}],"collection":[{"href":"https:\/\/komisskarbek.pl\/index.php?rest_route=\/wp\/v2\/product"}],"about":[{"href":"https:\/\/komisskarbek.pl\/index.php?rest_route=\/wp\/v2\/types\/product"}],"replies":[{"embeddable":true,"href":"https:\/\/komisskarbek.pl\/index.php?rest_route=%2Fwp%2Fv2%2Fcomments&post=720"}],"wp:featuredmedia":[{"embeddable":true,"href":"https:\/\/komisskarbek.pl\/index.php?rest_route=\/wp\/v2\/media\/662"}],"wp:attachment":[{"href":"https:\/\/komisskarbek.pl\/index.php?rest_route=%2Fwp%2Fv2%2Fmedia&parent=720"}],"wp:term":[{"taxonomy":"product_brand","embeddable":true,"href":"https:\/\/komisskarbek.pl\/index.php?rest_route=%2Fwp%2Fv2%2Fproduct_brand&post=720"},{"taxonomy":"product_cat","embeddable":true,"href":"https:\/\/komisskarbek.pl\/index.php?rest_route=%2Fwp%2Fv2%2Fproduct_cat&post=720"},{"taxonomy":"product_tag","embeddable":true,"href":"https:\/\/komisskarbek.pl\/index.php?rest_route=%2Fwp%2Fv2%2Fproduct_tag&post=720"}],"curies":[{"name":"wp","href":"https:\/\/api.w.org\/{rel}","templated":true}]}}