{"id":267,"date":"2026-02-17T11:20:29","date_gmt":"2026-02-17T10:20:29","guid":{"rendered":"https:\/\/komisskarbek.pl\/?post_type=product&#038;p=267"},"modified":"2026-03-29T20:10:04","modified_gmt":"2026-03-29T18:10:04","slug":"rozek-niemowlecy","status":"publish","type":"product","link":"https:\/\/komisskarbek.pl\/?product=rozek-niemowlecy","title":{"rendered":"Ro\u017cek niemowl\u0119cy"},"content":{"rendered":"<p>Ro\u017cek, becik to niezb\u0119dny element pierwszych tygodni \u017cycia dziecka. Delikatnie otula, daj\u0105c poczucie bezpiecze\u0144stwa\u00a0 \u00a0 \u00a0 i blisko\u015bci. Zapinany na rzep. W kolejnych miesi\u0105cach dziecka mo\u017ce s\u0142u\u017cy\u0107 jako kocyk lub mata do zabawy. Wymiar ro\u017cka 75&#215;75 cm.<\/p>\n","protected":false},"excerpt":{"rendered":"<p>Ro\u017cek, becik to niezb\u0119dny element pierwszych tygodni \u017cycia dziecka.<\/p>\n","protected":false},"featured_media":253,"comment_status":"open","ping_status":"closed","template":"","meta":{"_acf_changed":false},"product_brand":[],"product_cat":[111,109],"product_tag":[],"class_list":{"0":"post-267","1":"product","2":"type-product","3":"status-publish","4":"has-post-thumbnail","6":"product_cat-akcesoria-dzieciece-niemowlece","7":"product_cat-swiat-dziecka","9":"first","10":"outofstock","11":"shipping-taxable","12":"purchasable","13":"product-type-simple"},"acf":[],"_links":{"self":[{"href":"https:\/\/komisskarbek.pl\/index.php?rest_route=\/wp\/v2\/product\/267","targetHints":{"allow":["GET"]}}],"collection":[{"href":"https:\/\/komisskarbek.pl\/index.php?rest_route=\/wp\/v2\/product"}],"about":[{"href":"https:\/\/komisskarbek.pl\/index.php?rest_route=\/wp\/v2\/types\/product"}],"replies":[{"embeddable":true,"href":"https:\/\/komisskarbek.pl\/index.php?rest_route=%2Fwp%2Fv2%2Fcomments&post=267"}],"wp:featuredmedia":[{"embeddable":true,"href":"https:\/\/komisskarbek.pl\/index.php?rest_route=\/wp\/v2\/media\/253"}],"wp:attachment":[{"href":"https:\/\/komisskarbek.pl\/index.php?rest_route=%2Fwp%2Fv2%2Fmedia&parent=267"}],"wp:term":[{"taxonomy":"product_brand","embeddable":true,"href":"https:\/\/komisskarbek.pl\/index.php?rest_route=%2Fwp%2Fv2%2Fproduct_brand&post=267"},{"taxonomy":"product_cat","embeddable":true,"href":"https:\/\/komisskarbek.pl\/index.php?rest_route=%2Fwp%2Fv2%2Fproduct_cat&post=267"},{"taxonomy":"product_tag","embeddable":true,"href":"https:\/\/komisskarbek.pl\/index.php?rest_route=%2Fwp%2Fv2%2Fproduct_tag&post=267"}],"curies":[{"name":"wp","href":"https:\/\/api.w.org\/{rel}","templated":true}]}}