{"id":193,"date":"2026-02-10T15:43:07","date_gmt":"2026-02-10T14:43:07","guid":{"rendered":"https:\/\/komisskarbek.pl\/?post_type=product&#038;p=193"},"modified":"2026-03-29T19:57:16","modified_gmt":"2026-03-29T17:57:16","slug":"elektroniczna-niania","status":"publish","type":"product","link":"https:\/\/komisskarbek.pl\/?product=elektroniczna-niania","title":{"rendered":"Elektroniczna niania"},"content":{"rendered":"<p>Elektroniczna niania Reer Neo Digital. Cyfrowa technologia, Urz\u0105dzenie posiada tryb ECO ( energooszcz\u0119dny i o niskiej emisji promieniowania), optyczn\u0105 i akustyczn\u0105 kontrol\u0119 zasi\u0119gu oraz alarm wibracyjny.<\/p>\n","protected":false},"excerpt":{"rendered":"<p>Elektroniczna niania Reer Neo Digital.<\/p>\n","protected":false},"featured_media":191,"comment_status":"open","ping_status":"closed","template":"","meta":{"_acf_changed":false},"product_brand":[],"product_cat":[111,109],"product_tag":[],"class_list":{"0":"post-193","1":"product","2":"type-product","3":"status-publish","4":"has-post-thumbnail","6":"product_cat-akcesoria-dzieciece-niemowlece","7":"product_cat-swiat-dziecka","9":"first","10":"instock","11":"sale","12":"shipping-taxable","13":"purchasable","14":"product-type-simple"},"acf":[],"_links":{"self":[{"href":"https:\/\/komisskarbek.pl\/index.php?rest_route=\/wp\/v2\/product\/193","targetHints":{"allow":["GET"]}}],"collection":[{"href":"https:\/\/komisskarbek.pl\/index.php?rest_route=\/wp\/v2\/product"}],"about":[{"href":"https:\/\/komisskarbek.pl\/index.php?rest_route=\/wp\/v2\/types\/product"}],"replies":[{"embeddable":true,"href":"https:\/\/komisskarbek.pl\/index.php?rest_route=%2Fwp%2Fv2%2Fcomments&post=193"}],"wp:featuredmedia":[{"embeddable":true,"href":"https:\/\/komisskarbek.pl\/index.php?rest_route=\/wp\/v2\/media\/191"}],"wp:attachment":[{"href":"https:\/\/komisskarbek.pl\/index.php?rest_route=%2Fwp%2Fv2%2Fmedia&parent=193"}],"wp:term":[{"taxonomy":"product_brand","embeddable":true,"href":"https:\/\/komisskarbek.pl\/index.php?rest_route=%2Fwp%2Fv2%2Fproduct_brand&post=193"},{"taxonomy":"product_cat","embeddable":true,"href":"https:\/\/komisskarbek.pl\/index.php?rest_route=%2Fwp%2Fv2%2Fproduct_cat&post=193"},{"taxonomy":"product_tag","embeddable":true,"href":"https:\/\/komisskarbek.pl\/index.php?rest_route=%2Fwp%2Fv2%2Fproduct_tag&post=193"}],"curies":[{"name":"wp","href":"https:\/\/api.w.org\/{rel}","templated":true}]}}