{"id":149,"date":"2026-02-09T14:24:26","date_gmt":"2026-02-09T13:24:26","guid":{"rendered":"https:\/\/komisskarbek.pl\/?post_type=product&#038;p=149"},"modified":"2026-03-29T22:14:36","modified_gmt":"2026-03-29T20:14:36","slug":"lyzwy","status":"publish","type":"product","link":"https:\/\/komisskarbek.pl\/?product=lyzwy","title":{"rendered":"\u0141y\u017cwy"},"content":{"rendered":"<p>\u0141y\u017cwy hokejowe marki ROCES model GR1. S\u0105 to \u0142y\u017cwy o konstrukcji skorupowej, przypominaj\u0105cej buty narciarskie. Posiadaj\u0105 regulacj\u0119, dlatego mog\u0105 by\u0107 u\u017cywane dla dzieci i m\u0142odzie\u017cy.<\/p>\n","protected":false},"excerpt":{"rendered":"<p>\u0141y\u017cwy hokejowe marki ROCES model GR1<\/p>\n","protected":false},"featured_media":145,"comment_status":"open","ping_status":"closed","template":"","meta":{"_acf_changed":false},"product_brand":[],"product_cat":[94,122,123,108],"product_tag":[],"class_list":{"0":"post-149","1":"product","2":"type-product","3":"status-publish","4":"has-post-thumbnail","6":"product_cat-kobieta-dziewczynka","7":"product_cat-lyzwy-kobieta","8":"product_cat-lyzwy-mezczyzna","9":"product_cat-mezczyzna-chlopiec","10":"pa_kolor-czarny","11":"pa_kolor-czerwony","13":"first","14":"instock","15":"shipping-taxable","16":"purchasable","17":"product-type-simple"},"acf":[],"_links":{"self":[{"href":"https:\/\/komisskarbek.pl\/index.php?rest_route=\/wp\/v2\/product\/149","targetHints":{"allow":["GET"]}}],"collection":[{"href":"https:\/\/komisskarbek.pl\/index.php?rest_route=\/wp\/v2\/product"}],"about":[{"href":"https:\/\/komisskarbek.pl\/index.php?rest_route=\/wp\/v2\/types\/product"}],"replies":[{"embeddable":true,"href":"https:\/\/komisskarbek.pl\/index.php?rest_route=%2Fwp%2Fv2%2Fcomments&post=149"}],"wp:featuredmedia":[{"embeddable":true,"href":"https:\/\/komisskarbek.pl\/index.php?rest_route=\/wp\/v2\/media\/145"}],"wp:attachment":[{"href":"https:\/\/komisskarbek.pl\/index.php?rest_route=%2Fwp%2Fv2%2Fmedia&parent=149"}],"wp:term":[{"taxonomy":"product_brand","embeddable":true,"href":"https:\/\/komisskarbek.pl\/index.php?rest_route=%2Fwp%2Fv2%2Fproduct_brand&post=149"},{"taxonomy":"product_cat","embeddable":true,"href":"https:\/\/komisskarbek.pl\/index.php?rest_route=%2Fwp%2Fv2%2Fproduct_cat&post=149"},{"taxonomy":"product_tag","embeddable":true,"href":"https:\/\/komisskarbek.pl\/index.php?rest_route=%2Fwp%2Fv2%2Fproduct_tag&post=149"}],"curies":[{"name":"wp","href":"https:\/\/api.w.org\/{rel}","templated":true}]}}